310*u + 31971093. What is v(339)?
3
Let n(o) = -o**2 + 114*o - 2653. Calculate n(82).
-29
Let a(y) = -1195531*y + 4782115. Calculate a(4).
-9
Let p(z) = 19*z**3 - 2963*z**2 - 146*z - 1553. What is p(156)?
7
Let d(v) = -7*v**3 - 391*v**2 + 949*v + 4611. What is d(-58)?
29
Let p(h) = 1449*h + 70433. Give p(-49).
-568
Let n(v) = 9*v**2 + 161*v + 2770. Calculate n(-15).
2380
Let v(u) = -80880*u + 1779387. Determine v(22).
27
Let b(q) = -987*q - 20489. Give b(-21).
238
Let u(k) = -297*k**3 - 5940*k**2 + 11*k + 223. Determine u(-20).
3
Let o(a) = a**3 + 71*a**2 + 510*a + 430. Calculate o(-7).
-4
Let l(m) = -107*m**2 + 94*m - 1. Determine l(1).
-14
Let i(k) = 2*k**3 + 8*k**2 - 2865*k - 14275. Give i(-5).
0
Let n(z) = 2279*z + 3454956. Determine n(-1516).
-8
Let l(s) = 545*s - 4679. Give l(11).
1316
Let s(m) = m**3 + 126*m**2 - 13453*m - 145. What is s(69)?
-7
Let y(t) = 1730*t + 344242. Give y(-199).
-28
Let y(q) = 856*q + 19414. What is y(-23)?
-274
Let z(q) = 12*q**2 - 403*q - 1553. What is z(37)?
-36
Let u(n) = -n**3 - 97*n**2 + 3972*n - 46. Calculate u(31).
78
Let p(z) = 8309*z - 49656. Determine p(6).
198
Let i(u) = -16*u**3 + 72*u**2 + 91*u - 490. What is i(5)?
-235
Let f(d) = -d**3 + 2960*d**2 + 29696*d - 37. Give f(-10).
3
Let j(q) = 231*q + 12500. Determine j(-50).
950
Let l(n) = -18*n**3 + n**2 + 319*n + 318. Give l(-1).
18
Let p(u) = -16*u**3 + 19*u**2 - 18*u - 26. Give p(2).
-114
Let d(z) = z**3 + 4*z**2 - 15913*z - 79526. Give d(-5).
14
Let i(w) = 109*w**2 - 223*w - 1094. Calculate i(-5).
2746
Let k(c) = c**3 + 19054*c**2 - 668115*c - 27. Determine k(35).
-27
Let x(z) = 165015*z + 330061. What is x(-2)?
31
Let q(m) = 85*m**2 - 2652*m - 45. What is q(31)?
-572
Let n(b) = -19*b - 904. What is n(-85)?
711
Let q(k) = 106*k + 2684. Give q(-25).
34
Let i(a) = -a**2 - 16589*a + 7370539. Give i(433).
13
Let r(k) = -21*k**2 - 2783*k + 8543. What is r(3)?
5
Let t(q) = -30186*q + 331991. Calculate t(11).
-55
Let j(y) = -3*y**3 - 71*y**2 - 5*y + 166. Give j(-23).
-777
Let y(h) = -h**3 - 60*h**2 - 852*h + 73. Determine y(-41).
3066
Let y(v) = v**3 - 37*v**2 + 968*v - 38269. Calculate y(38).
-41
Let q(s) = 1553*s - 669334. Determine q(431).
9
Let b(j) = -868*j - 289908. Give b(-334).
4
Let x(m) = 83*m - 5243. What is x(62)?
-97
Let h(y) = -5341*y - 58754. Give h(-11).
-3
Let n(s) = -104*s**3 - 2*s**2 - 55*s - 99. Determine n(-2).
835
Let h(r) = -4*r**3 + 4*r**2 + 667*r - 1314. Determine h(2).
4
Let u(v) = v**3 - 148*v**2 + 53*v - 7869. What is u(148)?
-25
Let j(o) = o**3 + 27*o**2 + 190*o + 189. Determine j(-11).
35
Let k(m) = -3*m**3 + 1870*m**2 - 629*m + 3752. What is k(623)?
14
Let s(c) = 3*c**3 - 605*c**2 + 2752*c + 1237. Give s(197).
55
Let t(p) = -p**3 + 16*p**2 + 456*p + 2119. What is t(-8)?
7
Let k(c) = 142455*c + 8974656. Calculate k(-63).
-9
Let g(r) = -877*r**2 - 74545*r + 127. What is g(-85)?
127
Let p(f) = -22*f**3 + 4*f**2 + 421*f + 823. Determine p(-2).
173
Let z(m) = -m**3 + 14*m**2 + 247*m + 1407. Give z(26).
-283
Let w(o) = 1454*o**2 + 10174*o - 37. Determine w(-7).
-9
Let d(c) = -c**3 + 7*c**2 - 2*c + 388. Determine d(11).
-118
Let b(j) = 241463*j - 5312185. What is b(22)?
1
Let o(x) = x**2 - 1942872*x + 7771467. Give o(4).
-5
Let v(y) = 66955*y + 1740835. What is v(-26)?
5
Let g(z) = -724*z - 27896. Give g(-38).
-384
Let s(b) = -70411*b - 985742. Calculate s(-14).
12
Let o(c) = 423*c - 34559. Calculate o(82).
127
Let a(d) = -d**2 - 122*d - 744. Determine a(-115).
61
Let c(d) = d**3 - 9*d**2 - 111*d + 106. What is c(16)?
122
Let h(m) = -2*m**3 + 559*m**2 - 13385*m - 6040. Give h(253).
32
Let n(j) = 343*j**2 - 102901*j + 303. Calculate n(300).
3
Let h(t) = 12*t**2 + 499*t - 6843. What is h(14)?
2495
Let r(q) = 2*q**2 + 73*q - 7. Determine r(-37).
30
Let j(v) = -v**3 + 50*v**2 + 4907*v - 230958. Determine j(45).
-18
Let u(x) = 129*x + 2457. What is u(-27)?
-1026
Let a(c) = c**2 + 25127*c + 200919. What is a(-8)?
-33
Let t(u) = u**3 + 15*u**2 - 214*u - 2604. What is t(-12)?
396
Let d(f) = -12714*f + 343352. What is d(27)?
74
Let z(g) = -33536*g + 168266. Calculate z(5).
586
Let q(b) = b**3 + 137*b**2 - 563*b + 135. What is q(-141)?
-6
Let d(o) = -o**3 + 109*o**2 - 2605*o - 20. Calculate d(34).
-1890
Let m(b) = 29*b**2 - 214*b - 917. What is m(-4)?
403
Let y(i) = 425*i + 48466. What is y(-114)?
16
Let x(d) = -d**3 - 16*d**2 - 8*d - 47. Determine x(-14).
-327
Let z(l) = -395*l + 101130. Determine z(256).
10
Let v(a) = a**3 + 117*a**2 + 114*a - 218. What is v(-116)?
14
Let m(v) = 66*v + 2511. Calculate m(-66).
-1845
Let i(w) = w**3 - 44*w**2 - 108*w - 789. Calculate i(48).
3243
Let g(x) = -9*x**2 - 184*x + 11251. What is g(-47)?
18
Let p(h) = -h**3 - 108*h**2 - 222*h - 664. What is p(-106)?
396
Let u(z) = 241*z - 5300. Give u(25).
725
Let s(i) = i**2 - 392884*i - 3536020. What is s(-9)?
17
Let y(s) = 303*s - 6519. Calculate y(23).
450
Let l(v) = -369*v**2 - 1073*v - 6. Give l(-3).
-108
Let a(j) = -6*j**2 + 640*j + 9072. What is a(-14)?
-1064
Let q(n) = 4*n**3 - 225*n**2 - 648*n - 182. Determine q(59).
-123
Let q(a) = -a**3 - 71*a**2 + 68*a - 377. Determine q(-72).
-89
Let h(m) = m**3 + 54*m**2 + 561*m + 32. Calculate h(-14).
18
Let y(g) = 2*g**2 + 15832*g + 47489. Calculate y(-3).
11
Let x(g) = -9*g**2 + 3262*g - 9772. Calculate x(3).
-67
Let q(u) = -37309*u + 1492356. Calculate q(40).
-4
Let y(i) = 5527*i + 237684. Determine y(-43).
23
Let p(v) = -2*v**3 - 188*v**2 - 869*v + 1863. Calculate p(-89).
-6
Let r(k) = k**3 - 447*k**2 + 3862*k + 35039. What is r(438)?
-1
Let p(d) = 4571*d + 72829. What is p(-16)?
-307
Let t(m) = 216*m**2 + 32612*m - 609. What is t(-151)?
-5
Let d(u) = -497*u + 26530. Determine d(55).
-805
Let a(j) = -54379*j - 271855. Determine a(-5).
40
Let r(i) = -3*i**2 + 669*i - 13167. What is r(20)?
-987
Let z(b) = -27*b**2 + 807*b - 6106. What is z(14)?
-100
Let v(f) = -f**3 - 50*f**2 + 840*f + 21926. Calculate v(-58).
118
Let x(i) = -i**3 - 17*i**2 + 2*i + 32. Calculate x(2).
-40
Let g(l) = l**2 - 10*l - 10. Calculate g(5).
-35
Let t(u) = -14381*u - 9088798. What is t(-632)?
-6
Let a(n) = -294702*n + 2652249. Calculate a(9).
-69
Let v(w) = -w**3 + 623*w**2 - 6485*w + 8638. Calculate v(9).
7
Let c(o) = 2555*o - 278512. What is c(109)?
-17
Let y(i) = -24*i**3 - 6*i**2 + 12*i + 10. Give y(-2).
154
Let p(s) = -142*s**3 - 10*s**2 + 56*s - 45. What is p(1)?
-141
Let k(z) = -z**3 - 24*z**2 + 242*z + 477. Give k(-31).
-298
Let l(k) = -970369*k + 6792572. Give l(7).
-11
Let d(w) = -2*w**3 + 237*w**2 - 1071*w + 265. Determine d(114).
-4865
Let j(w) = -283*w - 80313. Give j(-284).
59
Let r(g) = -133*g**2 + 4126*g - 20025. Determine r(25).
0
Let z(b) = -256*b + 598. Give z(2).
86
Let h(u) = 12678*u - 25453. Calculate h(2).
-97
Let x(c) = -8980*c + 269405. What is x(30)?
5
Let y(v) = 43*v + 1678. Calculate y(-37).
87
Let i(a) = -18360*a**2 + 257072*a - 21. Determine i(14).
427
Let g(h) = -8*h**2 + 1229*h - 5942. What is g(5)?
3
Let z(y) = 946*y + 241268. What is z(-255)?
38
Let p(z) = -17*z**2 + 515*z - 13. What is p(30)?
137
Let f(w) = 6498*w - 32550. Determine f(5).
-60
Let t(q) = -21597*q + 2829214. What is t(131)?
7
Let w(z) = 3*z**3 + 235*z**2 - 4177*z - 16. What is w(15)?
329
Let z(w) = 2609*w + 357439. What is z(-137)?
6
Let f(b) = -2158*b + 23559. What is f(11)?
-179
Let k(m) = -m**3 - 2225*m**2 - 4481*m - 71. Calculate k(-2).
-1
Let n(f) = -f**2 + 467*f - 27390. Give n(66).
-924
Let k(q) = 2141*q - 560934. Calculate k(262).
8
Let n(o) = -3148269*o + 6296544. What is n(2)?
6
Let r(d) = 399*d + 7661. What is r(-19)?
80
Let i(v) = -7*v**2 - 965*v + 968. Determine i(1).
-4
Let q(r) = -r**3 + 538*r**2 + 3043*r + 120218. Determine q(544).
-6
Let q(r) = -948*r**2 + 553*r + 559. Determine q(-1).
-942
Let m(b) = -147*b**2 - 94*b - 359. What is m(-5)?
-3564
Let l(p) = -p**3 - 73*p**2 - 455*p + 819. Calculate l(-66).
357
Let z(j) = 33*j**3 - 7*j**2 - 37*j + 82. Give z(2).
244
Let u(s) = s**3 + 130*s**2 + 357*s + 12329. What is u(-128)?
-599
Let o(n) = 696263*n + 2088795. What is o(-3)?
6
Let h(g) = 9926*g - 29780. Determine h(3).
-2
Let x(s) = -2*s**3 + 12*s**2 + 94*s + 79. Give x(11).
-97
Let q(i) = -1785*i - 307028. What is q(-172)?
-8
Let o(y) = 1396*y - 255379. Determine o(183).
89
Let l(w) = 138*w**2 - 874*w - 1741. What is l